North Facing Camera Click On Play Button To View Live Image |
Sky Facing Camera Click On Image To View Full Screen In New Window |
NOAA-Style Climate Reports
Select a Year or Month report
2024: Jan Feb Mar Apr May Jun Jul Aug Sep Oct Nov Dec
2023: Jan Feb Mar Apr May Jun Jul Aug Sep Oct Nov Dec
2022: Jan Feb Mar Apr May Jun Jul Aug Sep Oct Nov Dec
2021: Jan Feb Mar Apr May Jun Jul Aug Sep Oct Nov Dec
2020: Jan Feb Mar Apr May Jun Jul Aug Sep Oct Nov Dec
2019: Jan Feb Mar Apr May Jun Jul Aug Sep Oct Nov Dec
2018: Jan Feb Mar Apr May Jun Jul Aug Sep Oct Nov Dec
2017: Jan Feb Mar Apr May Jun Jul Aug Sep Oct Nov Dec
2016: Jan Feb Mar Apr May Jun Jul Aug Sep Oct Nov Dec
2015: Jan Feb Mar Apr May Jun Jul Aug Sep Oct Nov Dec
2014: Jan Feb Mar Apr May Jun Jul Aug Sep Oct Nov Dec
2013: Jan Feb Mar Apr May Jun Jul Aug Sep Oct Nov Dec
2024: Jan Feb Mar Apr May Jun Jul Aug Sep Oct Nov Dec
2023: Jan Feb Mar Apr May Jun Jul Aug Sep Oct Nov Dec
2022: Jan Feb Mar Apr May Jun Jul Aug Sep Oct Nov Dec
2021: Jan Feb Mar Apr May Jun Jul Aug Sep Oct Nov Dec
2020: Jan Feb Mar Apr May Jun Jul Aug Sep Oct Nov Dec
2019: Jan Feb Mar Apr May Jun Jul Aug Sep Oct Nov Dec
2018: Jan Feb Mar Apr May Jun Jul Aug Sep Oct Nov Dec
2017: Jan Feb Mar Apr May Jun Jul Aug Sep Oct Nov Dec
2016: Jan Feb Mar Apr May Jun Jul Aug Sep Oct Nov Dec
2015: Jan Feb Mar Apr May Jun Jul Aug Sep Oct Nov Dec
2014: Jan Feb Mar Apr May Jun Jul Aug Sep Oct Nov Dec
2013: Jan Feb Mar Apr May Jun Jul Aug Sep Oct Nov Dec
Report for 2018 March
Monthly Climatological Summary for Mar 2018 Name: DW7240 City: Oshawa State: Ontario, Canada Elevation: 390 ft Lat: N 43 53 49 Lon: W 078 52 26 Temperature (°C), Rain (mm), Wind Speed (km/h) Heat Cool Avg Mean Deg Deg Wind Dom Day Temp High Time Low Time Days Days Rain Speed High Time Dir ---------------------------------------------------------------------------------- 01 2.5 4.8 19:41 -0.9 07:15 15.7 0.0 0.2 0.0 8.0 08:39 ENE 02 0.5 2.9 12:50 -0.9 02:51 17.8 0.0 0.4 0.2 32.2 00:21 NNE 03 0.8 5.2 15:08 -2.5 06:29 17.5 0.0 0.0 0.7 30.6 15:34 NNW 04 -1.1 2.1 15:17 -4.3 07:03 19.3 0.0 0.0 0.1 33.8 03:51 N 05 0.1 2.4 16:25 -2.3 21:44 8.5 0.0 0.0 0.4 17.7 13:23 N 06 0.4 2.3 20:58 -1.3 00:05 17.9 0.0 0.0 0.4 22.5 08:49 ENE 07 1.7 4.7 11:27 0.3 02:56 16.6 0.0 0.6 1.2 33.4 17:40 E 08 -0.7 1.5 00:07 -1.8 23:56 19.1 0.0 0.0 0.0 0.0 00:00 N 09 0.4 4.9 12:50 -2.2 23:38 17.6 0.0 0.0 0.0 0.0 00:00 N 10 -0.8 2.5 13:00 -3.3 22:56 18.8 0.0 0.0 0.0 4.8 23:30 W 11 -1.4 3.4 17:02 -5.0 07:45 18.9 0.0 0.0 0.4 20.9 10:01 NNW 12 -1.9 1.7 14:20 -5.2 03:57 20.2 0.0 0.0 0.3 14.5 04:16 NNW 13 -0.2 3.6 14:16 -2.6 08:09 18.5 0.0 0.0 0.1 17.7 11:48 NW 14 -0.5 2.4 13:15 -2.4 08:09 18.8 0.0 0.0 1.5 40.2 12:30 NW 15 0.1 6.3 16:39 -4.5 06:30 17.9 0.0 0.0 3.0 45.1 19:08 NW 16 -3.5 -0.6 18:34 -7.4 08:25 21.8 0.0 0.2 4.0 41.8 14:27 NW 17 -1.2 4.7 14:14 -5.7 05:34 19.5 0.0 0.0 5.9 41.8 14:40 NW 18 -1.1 4.3 14:29 -5.3 04:30 19.4 0.0 0.0 1.5 19.3 11:26 SSE 19 -3.3 -0.2 15:42 -7.6 07:28 21.5 0.0 0.0 1.8 24.1 02:19 NE 20 -2.2 1.9 12:20 -6.2 07:37 20.5 0.0 0.0 3.0 22.5 08:42 E 21 3.5 6.5 17:55 -0.5 23:47 7.8 0.0 0.0 6.5 33.8 15:17 NE 22 0.5 5.6 15:37 -3.8 07:30 17.8 0.0 0.0 ---- 33.8 17:47 NNW 23 0.5 5.5 16:11 -4.0 07:23 17.7 0.0 0.0 ---- 32.2 16:07 NNW 24 -1.2 2.9 15:46 -4.8 07:23 19.5 0.0 0.0 ---- 33.8 16:47 NNE 25 -1.4 3.0 14:09 -6.9 07:15 19.5 0.0 0.0 ---- 20.9 09:11 ENE 26 3.4 7.7 14:45 -1.1 06:59 14.9 0.0 0.0 ---- 35.4 17:35 E 27 3.6 4.8 02:50 2.3 16:12 14.7 0.0 3.6 ---- 24.1 04:50 ESE 28 5.0 8.7 15:06 2.1 07:36 13.1 0.0 0.0 ---- 29.0 04:45 NNW 29 5.3 7.1 16:10 3.8 07:54 12.8 0.0 10.0 ---- 22.5 22:34 NE 30 3.6 6.3 15:31 -0.8 23:57 14.7 0.0 0.6 ---- 41.8 10:45 NNW 31 3.2 7.7 13:52 -2.4 04:23 15.0 0.0 2.8 ---- 27.4 21:05 SW ---------------------------------------------------------------------------------- 0.5 8.7 28 -7.6 19 533.3 0.0 18.4 1.4 45.1 15 N Max >= 27.0 0 Max <= 0.0 2 Min <= 0.0 27 Min <= -18.0 0 Max Rain: 10.0 on day 29 Days of Rain: 8 (>= 0.2 mm) 3 (>= 2.0 mm) 0 (>= 20.0 mm) Heat Base: 18.3 Cool Base: 18.3 Method: Integration