North Facing Camera Click On Play Button To View Live Image |
Sky Facing Camera Click On Image To View Full Screen In New Window |
NOAA-Style Climate Reports
Select a Year or Month report
2024: Jan Feb Mar Apr May Jun Jul Aug Sep Oct Nov Dec
2023: Jan Feb Mar Apr May Jun Jul Aug Sep Oct Nov Dec
2022: Jan Feb Mar Apr May Jun Jul Aug Sep Oct Nov Dec
2021: Jan Feb Mar Apr May Jun Jul Aug Sep Oct Nov Dec
2020: Jan Feb Mar Apr May Jun Jul Aug Sep Oct Nov Dec
2019: Jan Feb Mar Apr May Jun Jul Aug Sep Oct Nov Dec
2018: Jan Feb Mar Apr May Jun Jul Aug Sep Oct Nov Dec
2017: Jan Feb Mar Apr May Jun Jul Aug Sep Oct Nov Dec
2016: Jan Feb Mar Apr May Jun Jul Aug Sep Oct Nov Dec
2015: Jan Feb Mar Apr May Jun Jul Aug Sep Oct Nov Dec
2014: Jan Feb Mar Apr May Jun Jul Aug Sep Oct Nov Dec
2013: Jan Feb Mar Apr May Jun Jul Aug Sep Oct Nov Dec
2024: Jan Feb Mar Apr May Jun Jul Aug Sep Oct Nov Dec
2023: Jan Feb Mar Apr May Jun Jul Aug Sep Oct Nov Dec
2022: Jan Feb Mar Apr May Jun Jul Aug Sep Oct Nov Dec
2021: Jan Feb Mar Apr May Jun Jul Aug Sep Oct Nov Dec
2020: Jan Feb Mar Apr May Jun Jul Aug Sep Oct Nov Dec
2019: Jan Feb Mar Apr May Jun Jul Aug Sep Oct Nov Dec
2018: Jan Feb Mar Apr May Jun Jul Aug Sep Oct Nov Dec
2017: Jan Feb Mar Apr May Jun Jul Aug Sep Oct Nov Dec
2016: Jan Feb Mar Apr May Jun Jul Aug Sep Oct Nov Dec
2015: Jan Feb Mar Apr May Jun Jul Aug Sep Oct Nov Dec
2014: Jan Feb Mar Apr May Jun Jul Aug Sep Oct Nov Dec
2013: Jan Feb Mar Apr May Jun Jul Aug Sep Oct Nov Dec
Report for 2019 March
Monthly Climatological Summary for Mar 2019 Name: DW7240 City: Oshawa State: Ontario, Canada Elevation: 390 ft Lat: N 43 53 48 Lon: W 078 52 26 Temperature (°C), Rain (mm), Wind Speed (km/h) Heat Cool Avg Mean Deg Deg Wind Dom Day Temp High Time Low Time Days Days Rain Speed High Time Dir ---------------------------------------------------------------------------------- 01 -4.7 0.1 13:05 -8.9 00:34 22.7 0.0 0.0 0.7 16.1 14:55 ESE 02 -2.6 0.0 10:18 -5.9 23:14 20.6 0.0 1.4 0.5 16.1 19:26 NW 03 -4.5 0.5 12:43 -10.3 05:16 22.7 0.0 0.2 1.7 25.7 22:38 W 04 -9.3 -5.6 12:18 -13.3 07:05 27.5 0.0 0.0 5.7 33.8 15:33 NW 05 -10.3 -6.6 10:56 -13.3 03:35 28.6 0.0 0.0 5.4 35.4 15:37 WNW 06 -11.1 -8.0 17:19 -12.7 23:29 7.6 0.0 0.0 4.3 32.2 18:10 WNW 07 -8.4 -3.8 15:07 -12.7 00:00 26.4 0.0 0.0 ---- 32.2 15:07 WNW 08 -6.9 -1.1 15:25 -14.3 05:47 25.1 0.0 0.0 ---- 17.7 10:32 SW 09 -3.2 1.3 23:30 -10.5 05:29 21.5 0.0 0.0 ---- 48.3 22:41 E 10 2.6 4.8 11:41 0.9 03:28 14.9 0.0 13.2 ---- 74.4 08:00 SE 11 1.4 2.8 00:31 -1.1 19:35 17.0 0.0 0.2 ---- 45.1 06:39 WNW 12 0.1 3.6 14:26 -3.4 07:48 18.2 0.0 0.0 ---- 32.2 04:37 WNW 13 0.4 2.7 13:56 -3.2 04:36 17.7 0.0 1.4 ---- 20.9 19:20 E 14 6.1 10.3 22:58 1.8 00:00 12.2 0.0 3.2 ---- 33.8 23:48 E 15 5.8 10.2 00:10 2.5 23:58 12.4 0.0 3.2 ---- 33.8 05:26 WSW 16 0.2 2.5 00:00 -1.4 09:15 10.4 0.0 0.0 ---- 45.1 02:36 WNW 17 -1.5 2.4 14:23 -5.3 06:29 19.5 0.0 0.0 ---- 35.4 00:45 NW 18 -0.9 4.3 14:52 -6.2 06:37 19.2 0.0 0.0 ---- 33.8 16:41 NW 19 1.2 3.5 18:34 -0.6 23:58 3.9 0.0 0.0 ---- 9.7 18:36 SE 20 3.0 9.6 16:15 -2.9 07:01 15.3 0.0 0.0 ---- 25.7 14:48 SW 21 4.9 10.5 15:24 2.8 04:39 13.2 0.0 0.0 ---- 16.1 10:17 ESE 22 1.8 5.3 00:00 -2.9 23:59 16.4 0.0 0.0 ---- 57.9 20:12 NNW 23 -1.0 5.5 18:04 -7.7 07:26 18.0 0.0 0.0 ---- 57.9 02:46 NNW 24 3.2 10.7 17:17 -4.0 07:26 15.1 0.0 0.0 ---- 32.2 17:23 WNW 25 -0.4 4.2 16:26 -4.9 07:15 18.7 0.0 0.0 ---- 27.4 00:14 NNW 26 -0.3 3.7 14:41 -4.6 07:21 18.6 0.0 0.0 ---- 19.3 04:04 SW 27 1.2 7.4 16:07 -4.7 05:34 17.1 0.0 0.0 ---- 17.7 12:00 S 28 4.5 10.1 18:15 -1.6 03:41 13.7 0.0 0.8 ---- 40.2 16:04 SW 29 6.9 11.9 14:02 3.6 02:44 11.4 0.0 0.8 ---- 32.2 13:37 NW 30 3.6 6.3 16:30 0.8 00:00 14.7 0.0 16.2 ---- 22.5 22:30 N 31 0.5 2.7 13:39 -2.2 23:50 17.4 0.0 0.4 ---- 41.8 17:59 NNW ---------------------------------------------------------------------------------- -0.6 11.9 29 -14.3 8 537.7 0.0 41.0 3.0 74.4 10 WNW Max >= 27.0 0 Max <= 0.0 6 Min <= 0.0 25 Min <= -18.0 0 Max Rain: 16.2 on day 30 Days of Rain: 11 (>= 0.2 mm) 4 (>= 2.0 mm) 0 (>= 20.0 mm) Heat Base: 18.3 Cool Base: 18.3 Method: Integration