North Facing Camera Click On Play Button To View Live Image |
Sky Facing Camera Click On Image To View Full Screen In New Window |
NOAA-Style Climate Reports
Select a Year or Month report
2024: Jan Feb Mar Apr May Jun Jul Aug Sep Oct Nov Dec
2023: Jan Feb Mar Apr May Jun Jul Aug Sep Oct Nov Dec
2022: Jan Feb Mar Apr May Jun Jul Aug Sep Oct Nov Dec
2021: Jan Feb Mar Apr May Jun Jul Aug Sep Oct Nov Dec
2020: Jan Feb Mar Apr May Jun Jul Aug Sep Oct Nov Dec
2019: Jan Feb Mar Apr May Jun Jul Aug Sep Oct Nov Dec
2018: Jan Feb Mar Apr May Jun Jul Aug Sep Oct Nov Dec
2017: Jan Feb Mar Apr May Jun Jul Aug Sep Oct Nov Dec
2016: Jan Feb Mar Apr May Jun Jul Aug Sep Oct Nov Dec
2015: Jan Feb Mar Apr May Jun Jul Aug Sep Oct Nov Dec
2014: Jan Feb Mar Apr May Jun Jul Aug Sep Oct Nov Dec
2013: Jan Feb Mar Apr May Jun Jul Aug Sep Oct Nov Dec
2024: Jan Feb Mar Apr May Jun Jul Aug Sep Oct Nov Dec
2023: Jan Feb Mar Apr May Jun Jul Aug Sep Oct Nov Dec
2022: Jan Feb Mar Apr May Jun Jul Aug Sep Oct Nov Dec
2021: Jan Feb Mar Apr May Jun Jul Aug Sep Oct Nov Dec
2020: Jan Feb Mar Apr May Jun Jul Aug Sep Oct Nov Dec
2019: Jan Feb Mar Apr May Jun Jul Aug Sep Oct Nov Dec
2018: Jan Feb Mar Apr May Jun Jul Aug Sep Oct Nov Dec
2017: Jan Feb Mar Apr May Jun Jul Aug Sep Oct Nov Dec
2016: Jan Feb Mar Apr May Jun Jul Aug Sep Oct Nov Dec
2015: Jan Feb Mar Apr May Jun Jul Aug Sep Oct Nov Dec
2014: Jan Feb Mar Apr May Jun Jul Aug Sep Oct Nov Dec
2013: Jan Feb Mar Apr May Jun Jul Aug Sep Oct Nov Dec
Report for 2019 July
Monthly Climatological Summary for Jul 2019 Name: DW7240 City: Oshawa State: Ontario, Canada Elevation: 390 ft Lat: N 43 53 48 Lon: W 078 52 26 Temperature (°C), Rain (mm), Wind Speed (km/h) Heat Cool Avg Mean Deg Deg Wind Dom Day Temp High Time Low Time Days Days Rain Speed High Time Dir ---------------------------------------------------------------------------------- 01 21.9 26.9 17:11 15.2 05:31 0.5 4.1 0.0 2.1 20.9 13:01 WSW 02 23.6 29.1 16:11 20.3 05:18 0.0 5.3 0.0 1.2 20.9 10:31 WNW 03 25.3 30.2 13:32 18.1 03:05 0.0 6.0 0.0 1.6 17.7 11:51 SW 04 25.1 31.9 14:20 17.2 05:44 0.1 6.9 0.0 1.7 22.5 15:51 E 05 26.5 32.6 14:46 21.3 05:41 0.0 8.2 0.2 2.0 22.5 15:23 SSW 06 26.8 31.9 15:28 23.1 04:56 0.0 8.5 0.0 1.6 25.7 15:14 N 07 22.1 26.2 12:38 17.9 23:27 0.0 3.7 0.0 1.4 25.7 03:46 E 08 21.3 27.2 14:17 14.8 05:21 0.7 3.6 0.0 1.1 17.7 12:28 SSW 09 22.7 29.3 15:09 15.6 02:27 0.4 4.8 0.0 1.3 17.7 14:00 SW 10 22.6 29.6 15:58 15.2 05:06 0.7 4.9 0.0 0.9 17.7 11:57 SE 11 23.9 30.5 13:57 18.5 23:58 0.0 5.6 3.4 1.9 29.0 14:44 NW 12 20.5 24.3 19:02 16.6 03:11 0.2 2.3 0.0 1.3 25.7 09:57 NW 13 21.8 27.9 13:44 15.0 05:22 0.6 4.1 0.6 2.4 30.6 11:54 WSW 14 22.5 27.8 14:32 17.7 05:32 0.0 4.2 0.0 2.0 25.7 11:50 NNW 15 21.9 28.0 17:04 15.8 05:46 0.4 4.0 0.0 0.8 16.1 15:42 WSW 16 24.0 32.1 13:57 17.5 05:43 0.1 5.7 11.4 2.5 33.8 15:08 WSW 17 23.9 28.8 15:29 21.4 07:30 0.0 4.5 17.2 15.2 25.3 10:54 SSW 18 23.5 25.6 18:47 21.0 18:32 0.0 1.2 0.0 1.0 14.5 18:41 ENE 19 25.9 31.5 11:43 22.3 05:27 0.0 7.6 2.2 2.7 27.4 14:44 WSW 20 27.5 33.9 17:42 21.8 23:59 0.0 9.2 2.4 3.7 32.2 22:09 W 21 25.1 30.6 15:11 21.0 23:59 0.0 6.8 0.0 2.9 29.0 13:20 NW 22 21.3 24.3 14:58 18.9 05:49 0.0 3.0 0.0 0.7 20.9 15:09 SE 23 22.1 27.7 15:10 16.9 06:27 0.1 3.9 0.0 1.5 22.5 15:59 NW 24 21.9 27.7 15:37 16.4 05:18 0.3 3.9 0.0 1.4 22.5 16:41 NW 25 23.0 28.9 14:24 16.1 06:20 0.2 4.9 0.0 1.8 24.1 14:50 W 26 24.0 29.9 15:20 17.8 06:32 0.0 5.7 0.0 1.6 20.9 16:42 SW 27 24.0 29.8 15:05 18.3 06:03 0.0 5.6 0.0 2.4 29.0 15:21 SSW 28 24.8 29.2 13:01 21.1 05:46 0.0 6.5 0.6 2.1 38.6 16:55 WSW 29 25.0 31.1 15:32 19.3 06:01 0.0 6.7 0.2 3.2 30.6 15:59 SW 30 22.7 27.7 16:08 19.4 06:30 0.0 4.4 7.0 0.7 22.5 16:28 SW 31 22.0 27.4 13:46 16.7 06:17 0.2 3.9 0.0 1.2 25.7 19:09 W ---------------------------------------------------------------------------------- 23.5 33.9 20 0.0 18 4.5 159.7 45.2 2.1 38.6 28 WSW Max >= 27.0 26 Max <= 0.0 0 Min <= 0.0 1 Min <= -18.0 0 Max Rain: 17.2 on day 17 Days of Rain: 10 (>= 0.2 mm) 6 (>= 2.0 mm) 0 (>= 20.0 mm) Heat Base: 18.3 Cool Base: 18.3 Method: Integration