North Facing Camera Click On Play Button To View Live Image |
Sky Facing Camera Click On Image To View Full Screen In New Window |
NOAA-Style Climate Reports
Select a Year or Month report
2024: Jan Feb Mar Apr May Jun Jul Aug Sep Oct Nov Dec
2023: Jan Feb Mar Apr May Jun Jul Aug Sep Oct Nov Dec
2022: Jan Feb Mar Apr May Jun Jul Aug Sep Oct Nov Dec
2021: Jan Feb Mar Apr May Jun Jul Aug Sep Oct Nov Dec
2020: Jan Feb Mar Apr May Jun Jul Aug Sep Oct Nov Dec
2019: Jan Feb Mar Apr May Jun Jul Aug Sep Oct Nov Dec
2018: Jan Feb Mar Apr May Jun Jul Aug Sep Oct Nov Dec
2017: Jan Feb Mar Apr May Jun Jul Aug Sep Oct Nov Dec
2016: Jan Feb Mar Apr May Jun Jul Aug Sep Oct Nov Dec
2015: Jan Feb Mar Apr May Jun Jul Aug Sep Oct Nov Dec
2014: Jan Feb Mar Apr May Jun Jul Aug Sep Oct Nov Dec
2013: Jan Feb Mar Apr May Jun Jul Aug Sep Oct Nov Dec
2024: Jan Feb Mar Apr May Jun Jul Aug Sep Oct Nov Dec
2023: Jan Feb Mar Apr May Jun Jul Aug Sep Oct Nov Dec
2022: Jan Feb Mar Apr May Jun Jul Aug Sep Oct Nov Dec
2021: Jan Feb Mar Apr May Jun Jul Aug Sep Oct Nov Dec
2020: Jan Feb Mar Apr May Jun Jul Aug Sep Oct Nov Dec
2019: Jan Feb Mar Apr May Jun Jul Aug Sep Oct Nov Dec
2018: Jan Feb Mar Apr May Jun Jul Aug Sep Oct Nov Dec
2017: Jan Feb Mar Apr May Jun Jul Aug Sep Oct Nov Dec
2016: Jan Feb Mar Apr May Jun Jul Aug Sep Oct Nov Dec
2015: Jan Feb Mar Apr May Jun Jul Aug Sep Oct Nov Dec
2014: Jan Feb Mar Apr May Jun Jul Aug Sep Oct Nov Dec
2013: Jan Feb Mar Apr May Jun Jul Aug Sep Oct Nov Dec
Report for 2019 October
Monthly Climatological Summary for Oct 2019 Name: DW7240 City: Oshawa State: Ontario, Canada Elevation: 390 ft Lat: N 43 53 48 Lon: W 078 52 26 Temperature (°C), Rain (mm), Wind Speed (km/h) Heat Cool Avg Mean Deg Deg Wind Dom Day Temp High Time Low Time Days Days Rain Speed High Time Dir ---------------------------------------------------------------------------------- 01 20.1 27.9 13:17 14.8 07:14 1.1 2.8 4.0 1.1 25.7 16:52 WSW 02 15.1 20.7 00:04 8.8 23:53 3.4 0.2 2.2 1.2 27.4 02:58 NE 03 9.1 11.2 14:59 7.7 07:24 9.2 0.0 0.4 2.6 29.0 11:12 NNE 04 9.2 13.1 16:19 6.4 21:59 9.0 0.0 0.2 0.2 20.9 04:43 NNE 05 9.5 14.4 21:51 4.6 06:56 8.8 0.0 0.0 0.4 17.7 07:11 ENE 06 15.8 19.2 17:03 13.0 06:40 2.6 0.1 1.0 0.0 0.0 00:00 N 07 14.2 19.0 15:46 8.1 23:18 4.1 0.0 0.0 0.0 0.0 00:00 N 08 11.4 18.1 14:14 4.8 06:50 6.8 0.0 0.0 0.0 0.0 00:00 N 09 12.4 17.2 12:18 8.3 00:45 5.9 0.0 0.0 0.0 0.0 00:00 N 10 12.6 17.1 13:15 8.6 07:09 5.7 0.0 0.0 0.0 0.0 00:00 N 11 14.4 18.5 16:29 11.1 00:00 3.9 0.0 0.0 0.0 0.0 00:00 N 12 12.6 15.4 01:10 5.7 23:59 5.7 0.0 4.2 0.0 0.0 00:00 N 13 11.3 17.1 15:12 3.6 04:28 7.0 0.0 0.0 0.0 6.4 16:11 N 14 9.7 13.6 14:44 3.7 23:54 8.5 0.0 0.0 0.0 0.0 00:00 N 15 8.4 14.1 14:53 1.1 06:56 9.9 0.0 0.0 0.0 1.6 09:44 N 16 11.0 13.3 06:05 8.6 23:58 7.3 0.0 11.2 0.0 0.0 00:00 N 17 8.0 9.7 15:40 6.6 07:37 10.3 0.0 0.0 0.0 0.0 00:00 N 18 7.5 11.7 15:11 3.8 23:58 10.7 0.0 0.0 0.0 0.0 00:00 N 19 6.7 11.9 14:02 1.2 07:25 11.5 0.0 0.0 0.0 1.6 10:05 N 20 10.1 15.7 13:21 5.9 00:00 8.2 0.0 0.0 0.0 0.0 00:00 N 21 11.9 16.2 20:50 6.1 05:35 6.4 0.0 0.0 0.0 1.6 10:38 N 22 13.4 14.8 00:00 12.1 23:36 4.9 0.0 11.2 0.0 0.0 00:00 N 23 11.2 14.4 12:19 7.2 23:58 7.1 0.0 0.0 0.0 0.0 00:00 N 24 10.5 15.2 11:06 5.7 23:57 7.8 0.0 0.4 0.0 1.6 10:31 N 25 8.6 13.1 13:34 5.6 00:09 9.7 0.0 0.0 0.0 0.0 00:00 N 26 7.4 10.8 12:20 2.3 07:32 10.8 0.0 0.2 0.0 0.0 00:00 N 27 11.6 13.8 17:17 9.9 00:20 6.7 0.0 19.4 0.0 0.0 00:00 N 28 10.3 16.0 15:58 4.9 07:50 8.0 0.0 0.0 0.0 3.2 10:13 N 29 12.3 16.7 14:53 8.1 07:33 6.0 0.0 0.2 0.0 11.3 08:59 N 30 9.0 12.1 00:00 7.2 17:00 9.3 0.0 7.0 0.0 0.0 00:00 N 31 9.9 11.9 18:52 7.7 00:00 8.4 0.0 16.8 0.0 0.0 00:00 N ---------------------------------------------------------------------------------- 11.1 27.9 1 1.1 15 224.7 3.1 78.4 0.2 29.0 3 NNE Max >= 27.0 1 Max <= 0.0 0 Min <= 0.0 0 Min <= -18.0 0 Max Rain: 19.4 on day 27 Days of Rain: 14 (>= 0.2 mm) 8 (>= 2.0 mm) 0 (>= 20.0 mm) Heat Base: 18.3 Cool Base: 18.3 Method: Integration