North Facing Camera Click On Play Button To View Live Image |
Sky Facing Camera Click On Image To View Full Screen In New Window |
NOAA-Style Climate Reports
Select a Year or Month report
2024: Jan Feb Mar Apr May Jun Jul Aug Sep Oct Nov Dec
2023: Jan Feb Mar Apr May Jun Jul Aug Sep Oct Nov Dec
2022: Jan Feb Mar Apr May Jun Jul Aug Sep Oct Nov Dec
2021: Jan Feb Mar Apr May Jun Jul Aug Sep Oct Nov Dec
2020: Jan Feb Mar Apr May Jun Jul Aug Sep Oct Nov Dec
2019: Jan Feb Mar Apr May Jun Jul Aug Sep Oct Nov Dec
2018: Jan Feb Mar Apr May Jun Jul Aug Sep Oct Nov Dec
2017: Jan Feb Mar Apr May Jun Jul Aug Sep Oct Nov Dec
2016: Jan Feb Mar Apr May Jun Jul Aug Sep Oct Nov Dec
2015: Jan Feb Mar Apr May Jun Jul Aug Sep Oct Nov Dec
2014: Jan Feb Mar Apr May Jun Jul Aug Sep Oct Nov Dec
2013: Jan Feb Mar Apr May Jun Jul Aug Sep Oct Nov Dec
2024: Jan Feb Mar Apr May Jun Jul Aug Sep Oct Nov Dec
2023: Jan Feb Mar Apr May Jun Jul Aug Sep Oct Nov Dec
2022: Jan Feb Mar Apr May Jun Jul Aug Sep Oct Nov Dec
2021: Jan Feb Mar Apr May Jun Jul Aug Sep Oct Nov Dec
2020: Jan Feb Mar Apr May Jun Jul Aug Sep Oct Nov Dec
2019: Jan Feb Mar Apr May Jun Jul Aug Sep Oct Nov Dec
2018: Jan Feb Mar Apr May Jun Jul Aug Sep Oct Nov Dec
2017: Jan Feb Mar Apr May Jun Jul Aug Sep Oct Nov Dec
2016: Jan Feb Mar Apr May Jun Jul Aug Sep Oct Nov Dec
2015: Jan Feb Mar Apr May Jun Jul Aug Sep Oct Nov Dec
2014: Jan Feb Mar Apr May Jun Jul Aug Sep Oct Nov Dec
2013: Jan Feb Mar Apr May Jun Jul Aug Sep Oct Nov Dec
Report for 2020 January
Monthly Climatological Summary for Jan 2020 Name: DW7240 City: Oshawa State: Ontario, Canada Elevation: 390 ft Lat: N 43 53 48 Lon: W 078 52 26 Temperature (°C), Rain (mm), Wind Speed (km/h) Heat Cool Avg Mean Deg Deg Wind Dom Day Temp High Time Low Time Days Days Rain Speed High Time Dir ---------------------------------------------------------------------------------- 01 -0.4 1.2 13:31 -1.6 18:33 18.7 0.0 0.0 5.6 32.2 01:58 WNW 02 4.3 6.2 18:02 -1.1 01:28 14.0 0.0 0.0 3.5 38.6 12:44 W 03 5.4 7.9 11:38 3.1 22:41 12.9 0.0 0.0 0.8 20.9 12:23 NNW 04 1.7 3.1 00:00 0.3 23:44 16.6 0.0 0.8 0.3 20.9 13:37 NNW 05 0.2 1.8 15:00 -2.0 08:23 18.1 0.0 2.8 3.3 29.0 04:57 NNW 06 1.0 2.1 14:26 -0.5 21:05 17.4 0.0 2.4 1.7 41.8 18:08 WNW 07 -0.2 3.6 14:39 -6.1 07:43 18.5 0.0 0.0 1.3 24.1 00:13 W 08 -3.8 1.4 00:00 -10.3 23:59 22.1 0.0 0.2 8.3 53.1 12:42 NNW 09 -6.8 2.1 23:56 -13.6 04:27 25.1 0.0 0.0 5.4 37.0 14:45 ESE 10 5.5 7.2 17:41 2.1 00:00 12.7 0.0 0.6 1.1 29.0 06:23 WSW 11 6.5 11.8 11:23 2.4 23:59 11.6 0.0 35.4 8.9 25.3 22:12 NE 12 -3.3 2.4 00:00 -5.8 11:07 21.4 0.0 7.6 4.4 22.5 22:24 NE 13 -1.5 1.1 20:42 -5.7 00:00 19.8 0.0 0.0 17.5 25.3 08:37 ENE 14 0.3 2.9 23:31 -1.3 10:36 18.0 0.0 0.0 20.5 52.7 06:49 E 15 3.6 5.3 13:23 2.2 22:18 14.6 0.0 0.0 19.0 25.3 00:38 NW 16 -1.3 2.3 00:00 -10.5 23:52 19.6 0.0 0.0 13.5 38.6 22:38 N 17 -11.0 -7.8 15:16 -15.3 07:57 29.3 0.0 0.0 2.8 61.2 12:42 N 18 -3.4 1.7 23:21 -9.4 00:00 21.7 0.0 2.8 35.0 25.3 21:53 WNW 19 -4.8 1.4 00:01 -10.4 23:57 23.0 0.0 0.0 4.3 32.2 21:15 NW 20 -9.3 -4.1 15:18 -14.4 07:54 27.6 0.0 0.0 3.1 30.6 02:03 N 21 -6.7 -0.8 14:59 -13.6 06:10 25.0 0.0 0.0 1.7 29.0 12:54 WNW 22 -1.6 1.5 13:22 -5.4 03:00 19.9 0.0 0.0 8.6 23.7 21:12 W 23 -0.7 5.1 13:26 -7.0 07:42 19.0 0.0 0.0 2.2 25.3 22:01 E 24 3.2 5.5 19:24 0.8 04:45 15.1 0.0 6.8 3.3 23.7 00:08 E 25 2.6 4.1 00:00 1.6 10:26 15.7 0.0 15.0 19.5 52.7 11:21 E 26 2.9 4.9 12:58 1.9 22:25 15.4 0.0 1.2 18.6 36.6 17:59 WNW 27 1.7 2.9 14:14 0.8 20:50 16.6 0.0 0.0 17.4 25.3 01:15 NNW 28 0.7 2.3 14:59 -2.4 23:59 17.7 0.0 0.0 14.5 23.7 05:02 NNW 29 -4.6 -1.3 15:24 -7.9 23:54 22.9 0.0 0.0 5.8 20.5 11:14 N 30 -4.6 -1.1 13:41 -7.9 00:00 22.9 0.0 0.0 1.0 17.7 08:24 E 31 -1.9 0.4 15:09 -4.1 00:00 20.1 0.0 0.0 0.1 8.0 11:03 SSE ---------------------------------------------------------------------------------- -0.8 11.8 11 -15.3 17 593.0 0.0 75.6 7.4 52.7 14 NNE Max >= 27.0 0 Max <= 0.0 5 Min <= 0.0 22 Min <= -18.0 0 Max Rain: 35.4 on day 11 Days of Rain: 11 (>= 0.2 mm) 7 (>= 2.0 mm) 1 (>= 20.0 mm) Heat Base: 18.3 Cool Base: 18.3 Method: Integration