North Facing Camera Click On Play Button To View Live Image |
Sky Facing Camera Click On Image To View Full Screen In New Window |
NOAA-Style Climate Reports
Select a Year or Month report
2024: Jan Feb Mar Apr May Jun Jul Aug Sep Oct Nov Dec
2023: Jan Feb Mar Apr May Jun Jul Aug Sep Oct Nov Dec
2022: Jan Feb Mar Apr May Jun Jul Aug Sep Oct Nov Dec
2021: Jan Feb Mar Apr May Jun Jul Aug Sep Oct Nov Dec
2020: Jan Feb Mar Apr May Jun Jul Aug Sep Oct Nov Dec
2019: Jan Feb Mar Apr May Jun Jul Aug Sep Oct Nov Dec
2018: Jan Feb Mar Apr May Jun Jul Aug Sep Oct Nov Dec
2017: Jan Feb Mar Apr May Jun Jul Aug Sep Oct Nov Dec
2016: Jan Feb Mar Apr May Jun Jul Aug Sep Oct Nov Dec
2015: Jan Feb Mar Apr May Jun Jul Aug Sep Oct Nov Dec
2014: Jan Feb Mar Apr May Jun Jul Aug Sep Oct Nov Dec
2013: Jan Feb Mar Apr May Jun Jul Aug Sep Oct Nov Dec
2024: Jan Feb Mar Apr May Jun Jul Aug Sep Oct Nov Dec
2023: Jan Feb Mar Apr May Jun Jul Aug Sep Oct Nov Dec
2022: Jan Feb Mar Apr May Jun Jul Aug Sep Oct Nov Dec
2021: Jan Feb Mar Apr May Jun Jul Aug Sep Oct Nov Dec
2020: Jan Feb Mar Apr May Jun Jul Aug Sep Oct Nov Dec
2019: Jan Feb Mar Apr May Jun Jul Aug Sep Oct Nov Dec
2018: Jan Feb Mar Apr May Jun Jul Aug Sep Oct Nov Dec
2017: Jan Feb Mar Apr May Jun Jul Aug Sep Oct Nov Dec
2016: Jan Feb Mar Apr May Jun Jul Aug Sep Oct Nov Dec
2015: Jan Feb Mar Apr May Jun Jul Aug Sep Oct Nov Dec
2014: Jan Feb Mar Apr May Jun Jul Aug Sep Oct Nov Dec
2013: Jan Feb Mar Apr May Jun Jul Aug Sep Oct Nov Dec
Report for 2020 June
Monthly Climatological Summary for Jun 2020 Name: DW7240 City: Oshawa State: Ontario, Canada Elevation: 390 ft Lat: N 43° 53' 48" Lon: W 078° 52' 26" Temperature (°C), Rain (mm), Wind Speed (km/h) Heat Cool Avg Mean Deg Deg Wind Dom Day Temp High Time Low Time Days Days Rain Speed High Time Dir ---------------------------------------------------------------------------------- 01 16.2 24.9 17:34 8.2 05:27 3.5 1.4 0.0 0.0 0.0 00:00 N 02 17.5 22.7 16:55 13.4 04:44 1.7 0.9 0.0 0.0 0.0 00:00 N 03 20.8 28.6 16:04 15.2 04:01 1.0 3.5 0.4 0.0 0.0 00:00 N 04 22.3 29.1 14:16 16.2 06:06 0.3 4.3 0.0 0.0 0.0 00:00 N 05 22.6 29.3 15:27 16.3 04:42 0.2 4.6 0.0 0.0 0.0 00:00 N 06 22.0 27.0 12:54 17.2 23:58 0.0 3.8 0.0 0.0 0.0 00:00 N 07 17.6 23.4 16:09 12.0 05:58 1.9 1.2 0.0 0.0 0.0 00:00 N 08 18.6 23.8 16:09 12.1 05:35 1.7 2.0 0.0 0.0 0.0 00:00 N 09 23.5 32.2 17:32 15.1 05:23 0.7 5.9 0.0 0.0 0.0 00:00 N 10 24.8 31.8 16:26 19.3 07:30 0.0 6.3 4.6 0.0 0.0 00:00 N 11 21.2 25.8 18:22 18.2 05:41 0.0 2.9 1.0 0.0 0.0 00:00 N 12 16.2 19.0 14:46 11.3 23:56 2.2 0.0 0.0 0.0 0.0 00:00 N 13 14.1 20.2 14:41 9.2 04:10 4.4 0.2 0.0 0.0 0.0 00:00 N 14 15.1 19.9 11:19 8.3 05:39 3.4 0.2 1.4 0.0 0.0 00:00 N 15 17.4 22.4 17:48 10.4 05:32 2.3 1.4 0.0 0.0 0.0 00:00 N 16 19.3 25.4 16:00 11.9 05:12 1.7 2.7 0.0 0.0 0.0 00:00 N 17 21.0 28.2 18:08 13.4 04:00 1.2 3.9 0.0 0.0 0.0 00:00 N 18 23.8 30.8 17:20 15.5 04:29 0.6 6.1 0.0 0.0 0.0 00:00 N 19 24.8 31.3 15:23 19.3 06:05 0.0 6.5 0.0 0.0 0.0 00:00 N 20 26.2 32.9 14:54 19.9 05:33 0.0 7.9 0.0 0.0 0.0 00:00 N 21 26.0 31.5 14:55 20.4 05:44 0.0 7.7 0.0 0.0 0.0 00:00 N 22 26.1 32.2 14:18 21.2 05:25 0.0 7.8 0.0 0.0 0.0 00:00 N 23 23.3 26.0 12:16 20.7 23:59 0.0 5.0 1.6 0.0 0.0 00:00 N 24 20.1 23.7 17:48 17.1 23:00 0.1 1.9 0.0 0.0 0.0 00:00 N 25 20.9 27.4 15:05 14.6 05:32 0.8 3.4 0.0 0.0 0.0 00:00 N 26 22.2 28.4 14:01 14.8 05:48 0.6 4.5 0.0 2.6 32.2 17:30 WSW 27 23.6 31.0 18:24 19.1 06:26 0.0 5.3 11.6 2.7 33.8 13:58 W 28 24.6 30.8 16:29 18.8 06:02 0.0 6.3 0.2 0.4 22.5 13:20 N 29 25.7 30.8 11:02 20.1 06:02 0.0 7.4 0.0 0.0 0.0 00:00 N 30 24.3 28.6 15:00 20.6 05:44 0.0 6.0 0.0 0.0 1.6 06:51 N ---------------------------------------------------------------------------------- 21.4 32.9 20 8.2 1 28.3 121.0 20.8 0.2 33.8 27 W Max >= 27.0 18 Max <= 0.0 0 Min <= 0.0 0 Min <= -18.0 0 Max Rain: 11.6 on day 27 Days of Rain: 7 (>= 0.2 mm) 2 (>= 2.0 mm) 0 (>= 20.0 mm) Heat Base: 18.3 Cool Base: 18.3 Method: Integration