North Facing Camera Click On Play Button To View Live Image |
Sky Facing Camera Click On Image To View Full Screen In New Window |
NOAA-Style Climate Reports
Select a Year or Month report
2024: Jan Feb Mar Apr May Jun Jul Aug Sep Oct Nov Dec
2023: Jan Feb Mar Apr May Jun Jul Aug Sep Oct Nov Dec
2022: Jan Feb Mar Apr May Jun Jul Aug Sep Oct Nov Dec
2021: Jan Feb Mar Apr May Jun Jul Aug Sep Oct Nov Dec
2020: Jan Feb Mar Apr May Jun Jul Aug Sep Oct Nov Dec
2019: Jan Feb Mar Apr May Jun Jul Aug Sep Oct Nov Dec
2018: Jan Feb Mar Apr May Jun Jul Aug Sep Oct Nov Dec
2017: Jan Feb Mar Apr May Jun Jul Aug Sep Oct Nov Dec
2016: Jan Feb Mar Apr May Jun Jul Aug Sep Oct Nov Dec
2015: Jan Feb Mar Apr May Jun Jul Aug Sep Oct Nov Dec
2014: Jan Feb Mar Apr May Jun Jul Aug Sep Oct Nov Dec
2013: Jan Feb Mar Apr May Jun Jul Aug Sep Oct Nov Dec
2024: Jan Feb Mar Apr May Jun Jul Aug Sep Oct Nov Dec
2023: Jan Feb Mar Apr May Jun Jul Aug Sep Oct Nov Dec
2022: Jan Feb Mar Apr May Jun Jul Aug Sep Oct Nov Dec
2021: Jan Feb Mar Apr May Jun Jul Aug Sep Oct Nov Dec
2020: Jan Feb Mar Apr May Jun Jul Aug Sep Oct Nov Dec
2019: Jan Feb Mar Apr May Jun Jul Aug Sep Oct Nov Dec
2018: Jan Feb Mar Apr May Jun Jul Aug Sep Oct Nov Dec
2017: Jan Feb Mar Apr May Jun Jul Aug Sep Oct Nov Dec
2016: Jan Feb Mar Apr May Jun Jul Aug Sep Oct Nov Dec
2015: Jan Feb Mar Apr May Jun Jul Aug Sep Oct Nov Dec
2014: Jan Feb Mar Apr May Jun Jul Aug Sep Oct Nov Dec
2013: Jan Feb Mar Apr May Jun Jul Aug Sep Oct Nov Dec
Report for 2020 August
Monthly Climatological Summary for Aug 2020 Name: DW7240 City: Oshawa State: Ontario, Canada Elevation: 390 ft Lat: N 43° 53' 48" Lon: W 078° 52' 26" Temperature (°C), Rain (mm), Wind Speed (km/h) Heat Cool Avg Mean Deg Deg Wind Dom Day Temp High Time Low Time Days Days Rain Speed High Time Dir ---------------------------------------------------------------------------------- 01 25.8 31.2 15:18 19.7 06:27 0.0 7.5 0.0 0.0 19.3 20:24 N 02 23.3 26.9 15:12 20.2 05:11 0.0 4.9 16.0 0.0 0.0 00:00 N 03 22.4 27.9 13:49 19.4 05:08 0.0 4.1 1.6 0.0 0.0 00:00 N 04 22.1 27.1 16:07 19.9 23:57 0.0 3.8 0.8 0.0 0.0 00:00 N 05 21.1 26.1 16:17 16.9 06:55 0.2 3.0 0.0 0.0 0.0 00:00 N 06 20.3 26.2 15:01 13.1 05:13 1.3 3.4 0.0 0.0 0.0 00:00 N 07 22.0 27.7 13:26 15.8 05:54 0.4 4.1 0.0 0.0 0.0 00:00 N 08 24.2 30.3 12:34 17.8 06:09 0.0 5.9 0.0 0.0 0.0 00:00 N 09 24.9 29.1 18:20 20.7 03:02 0.0 6.6 1.2 0.0 0.0 00:00 N 10 27.4 33.6 15:54 22.3 06:43 0.0 9.1 0.6 0.0 0.0 00:00 N 11 25.9 29.9 18:09 21.2 23:44 0.0 7.6 0.2 0.0 0.0 00:00 N 12 24.2 30.9 17:37 15.6 05:49 0.4 6.3 0.0 0.0 0.0 00:00 N 13 25.9 31.7 11:13 19.4 06:26 0.0 7.4 0.0 0.0 0.0 00:00 N 14 26.0 30.0 16:37 21.9 23:46 0.0 2.2 0.0 0.0 9.7 23:59 N 15 22.0 24.3 15:45 20.7 23:50 0.0 1.1 6.4 0.0 2.0 21:35 N 16 19.3 20.1 21:31 18.8 23:58 0.0 0.1 0.2 0.0 0.0 00:00 N 17 20.2 27.8 12:30 16.6 07:00 0.2 2.1 7.0 0.9 95.0 17:30 W 18 20.5 26.6 15:00 16.0 05:30 0.6 2.8 0.0 1.1 167.4 06:30 N 19 19.5 24.9 14:30 14.4 02:30 1.2 2.3 0.0 0.1 20.9 10:30 N 20 20.8 27.6 17:00 12.3 07:00 1.6 4.1 0.0 0.0 1.6 09:30 N 21 24.2 29.7 17:00 18.4 05:30 0.0 5.9 0.0 0.0 0.0 00:00 N 22 25.0 30.7 17:00 20.8 07:00 0.0 6.7 3.0 0.0 0.0 00:00 N 23 26.5 32.8 17:00 20.1 07:00 0.0 8.2 0.0 0.0 0.0 00:00 N 24 26.9 32.6 14:30 20.7 07:00 0.0 8.6 0.0 0.0 0.0 00:00 N 25 23.9 28.1 14:00 19.1 00:00 0.0 5.6 13.6 0.0 0.0 00:00 N 26 18.6 22.4 13:00 13.1 07:00 1.1 1.4 3.0 0.0 0.0 00:00 N 27 23.9 31.3 15:00 18.7 03:30 0.0 5.5 4.4 0.0 0.0 00:00 N 28 21.2 25.6 14:04 17.6 06:19 0.0 2.9 0.8 0.0 0.0 00:00 N 29 22.0 26.3 13:53 18.8 23:20 0.0 3.7 3.0 0.0 0.0 00:00 N 30 19.2 24.8 16:36 15.2 06:57 0.7 1.6 0.0 0.0 0.0 00:00 N 31 20.3 24.4 14:09 15.6 07:00 0.6 2.6 0.0 0.0 0.0 00:00 N ---------------------------------------------------------------------------------- 22.9 33.6 10 12.3 20 8.3 140.0 61.8 0.0 167.4 18 NW Max >= 27.0 19 Max <= 0.0 0 Min <= 0.0 0 Min <= -18.0 0 Max Rain: 16.0 on day 2 Days of Rain: 14 (>= 0.2 mm) 8 (>= 2.0 mm) 0 (>= 20.0 mm) Heat Base: 18.3 Cool Base: 18.3 Method: Integration