North Facing Camera Click On Play Button To View Live Image |
Sky Facing Camera Click On Image To View Full Screen In New Window |
NOAA-Style Climate Reports
Select a Year or Month report
2024: Jan Feb Mar Apr May Jun Jul Aug Sep Oct Nov Dec
2023: Jan Feb Mar Apr May Jun Jul Aug Sep Oct Nov Dec
2022: Jan Feb Mar Apr May Jun Jul Aug Sep Oct Nov Dec
2021: Jan Feb Mar Apr May Jun Jul Aug Sep Oct Nov Dec
2020: Jan Feb Mar Apr May Jun Jul Aug Sep Oct Nov Dec
2019: Jan Feb Mar Apr May Jun Jul Aug Sep Oct Nov Dec
2018: Jan Feb Mar Apr May Jun Jul Aug Sep Oct Nov Dec
2017: Jan Feb Mar Apr May Jun Jul Aug Sep Oct Nov Dec
2016: Jan Feb Mar Apr May Jun Jul Aug Sep Oct Nov Dec
2015: Jan Feb Mar Apr May Jun Jul Aug Sep Oct Nov Dec
2014: Jan Feb Mar Apr May Jun Jul Aug Sep Oct Nov Dec
2013: Jan Feb Mar Apr May Jun Jul Aug Sep Oct Nov Dec
2024: Jan Feb Mar Apr May Jun Jul Aug Sep Oct Nov Dec
2023: Jan Feb Mar Apr May Jun Jul Aug Sep Oct Nov Dec
2022: Jan Feb Mar Apr May Jun Jul Aug Sep Oct Nov Dec
2021: Jan Feb Mar Apr May Jun Jul Aug Sep Oct Nov Dec
2020: Jan Feb Mar Apr May Jun Jul Aug Sep Oct Nov Dec
2019: Jan Feb Mar Apr May Jun Jul Aug Sep Oct Nov Dec
2018: Jan Feb Mar Apr May Jun Jul Aug Sep Oct Nov Dec
2017: Jan Feb Mar Apr May Jun Jul Aug Sep Oct Nov Dec
2016: Jan Feb Mar Apr May Jun Jul Aug Sep Oct Nov Dec
2015: Jan Feb Mar Apr May Jun Jul Aug Sep Oct Nov Dec
2014: Jan Feb Mar Apr May Jun Jul Aug Sep Oct Nov Dec
2013: Jan Feb Mar Apr May Jun Jul Aug Sep Oct Nov Dec
Report for 2020 October
Monthly Climatological Summary for Oct 2020 Name: DW7240 City: Oshawa State: Ontario, Canada Elevation: 390 ft Lat: N 43° 53' 48" Lon: W 078° 52' 26" Temperature (°C), Rain (mm), Wind Speed (km/h) Heat Cool Avg Mean Deg Deg Wind Dom Day Temp High Time Low Time Days Days Rain Speed High Time Dir ---------------------------------------------------------------------------------- 01 13.0 17.6 15:43 10.1 23:52 5.3 0.0 2.4 5.1 32.2 14:26 W 02 10.4 14.7 15:40 7.3 07:46 7.9 0.0 2.3 3.2 27.4 14:54 NNW 03 9.1 13.8 13:40 3.6 06:59 9.2 0.0 2.2 2.8 19.3 14:13 SW 04 9.5 12.3 16:12 6.2 03:58 8.8 0.0 1.0 1.4 16.1 17:24 ENE 05 11.3 15.6 15:42 7.6 05:48 7.0 0.0 0.0 3.4 22.5 10:08 W 06 13.0 16.7 14:56 8.5 04:25 5.3 0.0 0.0 6.1 48.1 16:30 SW 07 13.6 17.6 14:30 9.7 23:28 4.7 0.0 1.8 8.7 51.9 17:10 WNW 08 9.2 14.3 12:16 4.9 07:08 9.1 0.0 0.6 2.2 20.9 12:12 WSW 09 9.6 15.9 14:00 2.9 07:36 8.7 0.0 0.0 1.5 16.1 11:36 SSW 10 16.1 22.2 12:19 10.4 00:05 2.7 0.5 0.2 6.8 35.4 05:47 W 11 8.8 12.8 13:58 4.9 07:49 9.5 0.0 0.0 5.3 29.0 14:53 E 12 12.0 15.7 14:15 7.4 00:00 6.3 0.0 0.0 8.7 38.6 16:40 E 13 13.4 18.2 16:40 9.2 22:59 4.9 0.0 3.8 4.8 30.6 06:58 NW 14 12.7 16.8 15:57 8.6 06:38 5.6 0.0 0.0 4.3 25.7 13:36 SSW 15 12.5 15.9 06:10 9.4 23:53 5.8 0.0 9.2 5.1 35.4 18:15 WSW 16 8.3 13.0 16:04 3.0 22:24 10.0 0.0 0.0 4.2 35.4 16:00 WNW 17 8.1 12.8 15:27 1.2 07:38 10.2 0.0 0.0 5.2 33.8 12:09 SW 18 12.2 13.6 19:12 10.4 00:00 6.1 0.0 1.8 4.8 32.2 22:37 S 19 7.4 11.1 00:00 6.2 07:32 11.0 0.0 2.6 1.1 27.4 00:43 NNE 20 7.9 11.1 16:02 5.6 07:27 10.4 0.0 0.0 2.0 24.1 23:29 NE 21 11.4 17.7 13:30 6.7 03:15 6.9 0.0 0.6 5.5 33.8 15:25 NW 22 10.1 12.5 23:57 6.5 00:32 8.2 0.0 0.6 1.1 19.3 21:23 E 23 15.9 22.1 17:04 11.3 04:29 3.1 0.7 1.0 4.4 40.2 21:10 SW 24 6.6 14.7 00:00 1.7 23:25 11.7 0.0 0.4 6.1 33.8 00:15 NNW 25 3.8 7.0 13:25 1.3 01:41 14.5 0.0 0.0 4.1 22.5 20:42 ENE 26 5.8 8.1 17:12 3.6 07:30 12.5 0.0 1.2 1.4 20.9 00:43 NE 27 4.1 6.3 00:17 2.0 19:56 14.2 0.0 3.2 1.1 17.7 08:16 ENE 28 5.8 11.7 16:21 0.6 03:46 12.5 0.0 0.0 3.4 29.0 12:53 W 29 5.5 10.2 13:33 2.6 02:19 12.7 0.0 0.0 3.0 27.4 18:57 ENE 30 1.4 5.1 14:36 -2.2 23:57 16.9 0.0 0.0 3.3 24.1 19:03 N 31 1.5 7.2 23:41 -5.2 07:55 16.8 0.0 0.0 3.0 30.6 23:57 SSW ---------------------------------------------------------------------------------- 9.4 22.2 10 -5.2 31 278.5 1.2 34.9 4.0 51.9 7 W Max >= 27.0 0 Max <= 0.0 0 Min <= 0.0 2 Min <= -18.0 0 Max Rain: 9.2 on day 15 Days of Rain: 17 (>= 0.2 mm) 7 (>= 2.0 mm) 0 (>= 20.0 mm) Heat Base: 18.3 Cool Base: 18.3 Method: Integration