North Facing Camera Click On Play Button To View Live Image |
Sky Facing Camera Click On Image To View Full Screen In New Window |
NOAA-Style Climate Reports
Select a Year or Month report
2024: Jan Feb Mar Apr May Jun Jul Aug Sep Oct Nov Dec
2023: Jan Feb Mar Apr May Jun Jul Aug Sep Oct Nov Dec
2022: Jan Feb Mar Apr May Jun Jul Aug Sep Oct Nov Dec
2021: Jan Feb Mar Apr May Jun Jul Aug Sep Oct Nov Dec
2020: Jan Feb Mar Apr May Jun Jul Aug Sep Oct Nov Dec
2019: Jan Feb Mar Apr May Jun Jul Aug Sep Oct Nov Dec
2018: Jan Feb Mar Apr May Jun Jul Aug Sep Oct Nov Dec
2017: Jan Feb Mar Apr May Jun Jul Aug Sep Oct Nov Dec
2016: Jan Feb Mar Apr May Jun Jul Aug Sep Oct Nov Dec
2015: Jan Feb Mar Apr May Jun Jul Aug Sep Oct Nov Dec
2014: Jan Feb Mar Apr May Jun Jul Aug Sep Oct Nov Dec
2013: Jan Feb Mar Apr May Jun Jul Aug Sep Oct Nov Dec
2024: Jan Feb Mar Apr May Jun Jul Aug Sep Oct Nov Dec
2023: Jan Feb Mar Apr May Jun Jul Aug Sep Oct Nov Dec
2022: Jan Feb Mar Apr May Jun Jul Aug Sep Oct Nov Dec
2021: Jan Feb Mar Apr May Jun Jul Aug Sep Oct Nov Dec
2020: Jan Feb Mar Apr May Jun Jul Aug Sep Oct Nov Dec
2019: Jan Feb Mar Apr May Jun Jul Aug Sep Oct Nov Dec
2018: Jan Feb Mar Apr May Jun Jul Aug Sep Oct Nov Dec
2017: Jan Feb Mar Apr May Jun Jul Aug Sep Oct Nov Dec
2016: Jan Feb Mar Apr May Jun Jul Aug Sep Oct Nov Dec
2015: Jan Feb Mar Apr May Jun Jul Aug Sep Oct Nov Dec
2014: Jan Feb Mar Apr May Jun Jul Aug Sep Oct Nov Dec
2013: Jan Feb Mar Apr May Jun Jul Aug Sep Oct Nov Dec
Report for 2021 October
Monthly Climatological Summary for Oct 2021 Name: DW7240 City: Oshawa State: Ontario, Canada Elevation: 390 ft Lat: N 43° 53' 48" Lon: W 078° 52' 26" Temperature (°C), Rain (mm), Wind Speed (km/h) Heat Cool Avg Mean Deg Deg Wind Dom Day Temp High Time Low Time Days Days Rain Speed High Time Dir ---------------------------------------------------------------------------------- 01 13.4 18.6 16:18 7.4 02:56 4.9 0.0 0.0 2.0 21.0 14:28 N 02 17.4 24.1 15:12 11.4 06:36 2.2 1.3 0.0 4.1 29.0 14:30 N 03 17.1 18.7 16:14 15.4 23:50 1.2 0.0 13.2 1.3 23.0 19:55 SW 04 14.8 15.6 12:38 14.2 10:05 3.5 0.0 2.8 2.6 21.0 01:20 SW 05 15.9 19.4 13:07 13.9 02:58 2.5 0.0 0.0 0.5 13.0 12:04 SW 06 16.0 19.4 12:49 12.8 05:01 2.4 0.1 0.2 1.4 16.0 10:03 E 07 17.8 20.8 16:30 15.3 23:46 1.0 0.6 0.0 1.0 14.0 11:17 E 08 17.9 21.7 14:19 14.4 01:35 1.0 0.6 0.0 2.2 21.0 12:22 E 09 17.9 18.8 13:01 16.5 04:49 0.5 0.1 1.0 2.2 23.0 12:38 ESE 10 18.7 21.4 13:04 17.0 03:25 0.4 0.8 0.2 1.9 21.0 11:38 SE 11 19.2 22.7 15:23 16.9 03:15 0.3 1.2 0.0 1.6 19.0 13:16 SE 12 19.2 22.9 15:32 15.1 07:35 0.5 1.4 0.6 1.5 24.0 13:00 SE 13 18.8 20.9 12:30 17.1 03:41 0.2 0.7 0.0 1.3 16.0 11:26 SSW 14 18.4 22.4 13:45 14.1 07:41 0.9 1.0 0.2 0.9 16.0 11:47 SW 15 18.1 21.6 11:47 14.8 22:16 0.7 0.5 11.8 1.0 19.0 22:49 SW 16 13.6 16.7 00:00 9.8 23:20 4.7 0.0 1.6 5.7 35.0 14:13 NW 17 10.8 15.1 15:24 7.7 05:55 7.5 0.0 0.4 6.4 42.0 12:23 NW 18 9.0 13.5 13:25 5.1 23:28 9.3 0.0 0.2 4.0 27.0 12:37 NW 19 12.7 22.2 16:33 4.3 05:00 6.0 0.4 0.0 4.7 27.0 14:24 NW 20 15.0 19.5 10:46 10.8 06:57 3.4 0.0 0.0 2.8 23.0 12:22 NW 21 14.5 16.8 16:43 12.6 06:41 3.8 0.0 0.8 3.0 34.0 16:25 NW 22 7.2 12.7 00:00 4.1 08:36 11.1 0.0 0.2 5.3 48.0 03:28 NW 23 6.3 10.7 12:54 2.8 08:14 12.0 0.0 0.0 1.2 14.0 12:35 NW 24 8.5 13.4 11:54 3.4 07:36 9.8 0.0 0.2 1.2 19.0 14:53 NW 25 7.8 10.2 01:20 5.4 23:24 10.5 0.0 10.2 5.8 32.0 14:07 NW 26 6.7 9.2 23:35 5.1 03:01 11.6 0.0 4.2 5.4 37.0 12:37 NW 27 11.4 16.7 14:59 8.4 03:49 6.9 0.0 0.0 2.9 19.0 05:50 NW 28 8.4 11.1 15:20 5.5 03:35 9.9 0.0 0.0 4.4 31.0 20:26 NW 29 9.7 13.3 14:10 7.0 02:12 8.6 0.0 2.8 7.6 42.0 15:18 NW 30 8.6 10.2 14:40 7.2 04:13 9.7 0.0 5.2 6.6 31.0 10:09 NW 31 11.4 16.0 15:33 9.0 03:25 6.8 0.0 0.4 3.2 27.0 16:03 NW ---------------------------------------------------------------------------------- 13.6 24.1 2 2.8 23 153.8 8.7 56.2 3.1 48.0 22 NW Max >= 27.0 0 Max <= 0.0 0 Min <= 0.0 0 Min <= -18.0 0 Max Rain: 13.2 on day 3 Days of Rain: 19 (>= 0.2 mm) 7 (>= 2.0 mm) 0 (>= 20.0 mm) Heat Base: 18.3 Cool Base: 18.3 Method: Integration