North Facing Camera Click On Play Button To View Live Image |
Sky Facing Camera Click On Image To View Full Screen In New Window |
NOAA-Style Climate Reports
Select a Year or Month report
2024: Jan Feb Mar Apr May Jun Jul Aug Sep Oct Nov Dec
2023: Jan Feb Mar Apr May Jun Jul Aug Sep Oct Nov Dec
2022: Jan Feb Mar Apr May Jun Jul Aug Sep Oct Nov Dec
2021: Jan Feb Mar Apr May Jun Jul Aug Sep Oct Nov Dec
2020: Jan Feb Mar Apr May Jun Jul Aug Sep Oct Nov Dec
2019: Jan Feb Mar Apr May Jun Jul Aug Sep Oct Nov Dec
2018: Jan Feb Mar Apr May Jun Jul Aug Sep Oct Nov Dec
2017: Jan Feb Mar Apr May Jun Jul Aug Sep Oct Nov Dec
2016: Jan Feb Mar Apr May Jun Jul Aug Sep Oct Nov Dec
2015: Jan Feb Mar Apr May Jun Jul Aug Sep Oct Nov Dec
2014: Jan Feb Mar Apr May Jun Jul Aug Sep Oct Nov Dec
2013: Jan Feb Mar Apr May Jun Jul Aug Sep Oct Nov Dec
2024: Jan Feb Mar Apr May Jun Jul Aug Sep Oct Nov Dec
2023: Jan Feb Mar Apr May Jun Jul Aug Sep Oct Nov Dec
2022: Jan Feb Mar Apr May Jun Jul Aug Sep Oct Nov Dec
2021: Jan Feb Mar Apr May Jun Jul Aug Sep Oct Nov Dec
2020: Jan Feb Mar Apr May Jun Jul Aug Sep Oct Nov Dec
2019: Jan Feb Mar Apr May Jun Jul Aug Sep Oct Nov Dec
2018: Jan Feb Mar Apr May Jun Jul Aug Sep Oct Nov Dec
2017: Jan Feb Mar Apr May Jun Jul Aug Sep Oct Nov Dec
2016: Jan Feb Mar Apr May Jun Jul Aug Sep Oct Nov Dec
2015: Jan Feb Mar Apr May Jun Jul Aug Sep Oct Nov Dec
2014: Jan Feb Mar Apr May Jun Jul Aug Sep Oct Nov Dec
2013: Jan Feb Mar Apr May Jun Jul Aug Sep Oct Nov Dec
Report for 2024 January
Monthly Climatological Summary for Jan 2024 Name: DW7240 City: Oshawa State: Ontario, Canada Elevation: 109 m Lat: N 43° 53' 48" Lon: W 078° 52' 23" Temperature (°C), Rain (mm), Wind Speed (km/h) Heat Cool Avg Mean Deg Deg Wind Dom Day Temp High Time Low Time Days Days Rain Speed High Time Dir ---------------------------------------------------------------------------------- 01 19.6 20.5 00:00 18.8 09:20 0.0 1.2 0.0 0.0 10.0 23:55 N 02 19.3 20.4 00:32 18.6 09:35 0.0 1.0 0.0 0.1 68.0 17:14 N 03 19.3 20.3 23:59 18.6 10:05 0.0 1.0 0.0 0.0 0.0 00:00 N 04 19.2 20.4 00:17 18.3 17:28 0.0 0.9 0.0 0.0 18.0 14:12 N 05 19.2 19.9 00:29 18.3 07:51 0.0 0.9 0.0 0.0 14.0 17:38 N 06 19.6 21.2 22:40 18.4 09:06 0.0 1.3 0.0 0.0 18.0 00:03 N 07 19.3 20.6 00:00 18.4 07:30 0.0 1.0 0.0 0.0 16.0 22:40 N 08 19.1 20.6 22:31 18.3 06:39 0.0 0.8 0.0 0.0 14.0 20:18 N 09 19.3 20.3 00:00 18.5 10:16 0.0 1.0 0.0 0.0 18.0 23:17 N 10 19.2 20.7 22:12 18.6 15:24 0.0 0.9 0.0 0.0 0.0 00:00 N 11 19.5 20.9 22:02 18.5 09:38 0.0 1.2 0.0 0.0 0.0 00:00 N 12 19.6 20.8 00:00 18.7 09:14 0.0 1.3 0.0 0.0 8.0 14:44 N 13 19.7 20.7 22:13 18.7 08:22 0.0 1.4 0.0 0.0 0.0 00:00 N 14 19.5 21.6 23:21 18.6 08:50 0.0 1.2 0.0 0.0 0.0 00:00 N 15 19.4 21.3 00:00 18.5 06:30 0.0 1.1 0.0 0.0 3.0 19:01 N 16 19.2 20.7 20:34 18.4 09:05 0.0 0.9 0.0 0.0 2.0 20:18 N 17 19.0 20.2 00:00 18.1 08:33 0.0 0.7 0.0 0.0 14.0 22:15 N 18 19.1 20.0 19:03 18.6 08:56 0.0 0.8 0.0 0.0 2.0 21:53 N 19 18.9 20.1 23:14 18.1 04:53 0.0 0.6 0.0 0.0 0.0 00:00 N 20 19.0 20.7 23:51 18.2 12:19 0.0 0.7 0.0 0.0 0.0 00:00 N 21 18.7 20.7 00:00 17.8 06:38 0.1 0.6 0.0 0.0 0.0 00:00 N 22 19.0 20.7 20:25 18.1 08:32 0.0 0.7 0.0 0.0 10.0 10:25 N 23 19.4 22.6 23:28 18.3 10:24 0.0 1.1 0.0 0.0 10.0 12:35 N 24 19.5 22.4 00:00 18.4 11:41 0.0 1.2 0.0 0.0 0.0 00:00 N 25 19.5 21.0 00:00 18.6 08:57 0.0 1.2 0.0 0.0 1.6 22:02 N 26 19.2 19.6 18:51 18.6 08:01 0.0 0.9 0.0 0.0 0.0 00:00 N 27 19.4 20.4 18:11 18.6 09:09 0.0 1.1 0.0 0.0 9.7 16:40 N 28 19.3 20.2 00:00 18.6 09:07 0.0 1.0 0.0 0.0 12.9 23:45 N 29 19.1 20.3 23:20 18.6 08:41 0.0 0.8 0.0 0.0 0.0 00:00 N 30 19.0 20.2 00:00 18.5 07:21 0.0 0.7 0.0 0.0 4.8 12:28 N 31 19.0 19.9 00:54 18.3 09:26 0.0 0.7 0.0 0.0 3.2 19:55 N ---------------------------------------------------------------------------------- 19.3 22.6 23 17.8 21 0.1 29.9 0.0 0.0 68.0 2 N Max >= 27.0 0 Max <= 0.0 0 Min <= 0.0 0 Min <= -18.0 0 Max Rain: 0.0 on day 0 Days of Rain: 0 (>= 0.2 mm) 0 (>= 2.0 mm) 0 (>= 20.0 mm) Heat Base: 18.3 Cool Base: 18.3 Method: Integration