North Facing Camera Click On Play Button To View Live Image |
Sky Facing Camera Click On Image To View Full Screen In New Window |
NOAA-Style Climate Reports
Select a Year or Month report
2024: Jan Feb Mar Apr May Jun Jul Aug Sep Oct Nov Dec
2023: Jan Feb Mar Apr May Jun Jul Aug Sep Oct Nov Dec
2022: Jan Feb Mar Apr May Jun Jul Aug Sep Oct Nov Dec
2021: Jan Feb Mar Apr May Jun Jul Aug Sep Oct Nov Dec
2020: Jan Feb Mar Apr May Jun Jul Aug Sep Oct Nov Dec
2019: Jan Feb Mar Apr May Jun Jul Aug Sep Oct Nov Dec
2018: Jan Feb Mar Apr May Jun Jul Aug Sep Oct Nov Dec
2017: Jan Feb Mar Apr May Jun Jul Aug Sep Oct Nov Dec
2016: Jan Feb Mar Apr May Jun Jul Aug Sep Oct Nov Dec
2015: Jan Feb Mar Apr May Jun Jul Aug Sep Oct Nov Dec
2014: Jan Feb Mar Apr May Jun Jul Aug Sep Oct Nov Dec
2013: Jan Feb Mar Apr May Jun Jul Aug Sep Oct Nov Dec
2024: Jan Feb Mar Apr May Jun Jul Aug Sep Oct Nov Dec
2023: Jan Feb Mar Apr May Jun Jul Aug Sep Oct Nov Dec
2022: Jan Feb Mar Apr May Jun Jul Aug Sep Oct Nov Dec
2021: Jan Feb Mar Apr May Jun Jul Aug Sep Oct Nov Dec
2020: Jan Feb Mar Apr May Jun Jul Aug Sep Oct Nov Dec
2019: Jan Feb Mar Apr May Jun Jul Aug Sep Oct Nov Dec
2018: Jan Feb Mar Apr May Jun Jul Aug Sep Oct Nov Dec
2017: Jan Feb Mar Apr May Jun Jul Aug Sep Oct Nov Dec
2016: Jan Feb Mar Apr May Jun Jul Aug Sep Oct Nov Dec
2015: Jan Feb Mar Apr May Jun Jul Aug Sep Oct Nov Dec
2014: Jan Feb Mar Apr May Jun Jul Aug Sep Oct Nov Dec
2013: Jan Feb Mar Apr May Jun Jul Aug Sep Oct Nov Dec
Report for 2024 February
Monthly Climatological Summary for Feb 2024 Name: DW7240 City: Oshawa State: Ontario, Canada Elevation: 109 m Lat: N 43° 53' 48" Lon: W 078° 52' 23" Temperature (°C), Rain (mm), Wind Speed (km/h) Heat Cool Avg Mean Deg Deg Wind Dom Day Temp High Time Low Time Days Days Rain Speed High Time Dir ---------------------------------------------------------------------------------- 01 19.0 20.0 18:01 18.3 09:05 0.0 0.7 0.0 0.0 0.0 00:00 N 02 18.7 19.5 00:00 18.3 15:40 0.0 0.4 0.0 0.0 0.0 00:00 N 03 18.2 18.6 00:00 18.0 19:45 0.1 0.0 0.0 0.0 0.0 00:00 N 04 18.3 18.6 02:34 17.8 08:04 0.1 0.1 0.0 0.0 0.0 00:00 N 05 18.2 19.4 23:11 17.8 08:28 0.2 0.1 0.0 0.0 0.0 00:00 N 06 18.5 19.3 00:00 18.0 06:11 0.0 0.2 0.0 0.0 0.0 00:00 N 07 18.8 20.1 19:38 17.8 08:18 0.1 0.6 0.0 0.0 0.0 00:00 N 08 18.8 19.8 00:00 18.2 08:05 0.0 0.5 0.0 0.0 0.0 00:00 N 09 19.0 19.9 23:03 18.3 09:40 0.0 0.7 0.0 0.0 10.0 09:51 N 10 19.6 21.1 23:55 18.9 08:14 0.0 1.3 0.0 0.0 0.0 00:00 N 11 19.7 21.1 00:00 18.9 09:35 0.0 1.4 0.0 0.0 0.0 00:00 N 12 19.3 20.6 00:01 18.6 11:55 0.0 1.0 0.0 0.0 0.0 00:00 N 13 19.3 20.7 21:41 18.4 10:43 0.0 1.0 0.0 0.0 0.0 00:00 N 14 18.5 20.2 00:00 17.8 15:15 0.1 0.3 0.0 0.0 0.0 00:00 N 15 19.2 21.0 19:26 18.2 05:58 0.0 0.9 0.0 0.0 0.0 00:00 N 16 18.7 19.8 00:00 18.1 07:43 0.0 0.5 0.0 0.0 0.0 00:00 N 17 18.6 19.6 00:00 18.2 19:57 0.0 0.3 0.0 0.0 0.0 00:00 N 18 18.9 20.9 23:59 18.2 04:21 0.0 0.6 0.0 0.0 0.0 00:00 N 19 19.1 21.0 00:12 17.7 08:44 0.1 0.8 0.0 0.0 0.0 00:00 N 20 19.0 21.0 20:46 18.1 04:54 0.0 0.7 0.0 0.0 0.0 00:00 N 21 19.1 20.6 20:54 18.1 08:55 0.0 0.8 0.0 0.0 6.0 12:42 N 22 19.4 20.3 00:00 18.6 09:16 0.0 1.1 0.0 0.0 0.0 00:00 N 23 19.2 20.3 23:39 18.5 09:11 0.0 0.9 0.0 0.0 10.0 15:45 N 24 18.9 20.4 00:15 18.1 08:12 0.0 0.6 0.0 0.0 0.0 00:00 N 25 19.0 20.6 22:29 17.8 08:16 0.0 0.8 0.0 0.0 0.0 00:00 N 26 19.0 20.2 00:00 18.2 08:50 0.0 0.7 0.0 0.0 10.0 17:45 N 27 19.2 20.3 16:17 18.3 08:08 0.0 0.9 0.0 0.0 0.0 00:00 N 28 19.3 20.9 21:28 18.8 16:51 0.0 1.0 0.0 0.0 0.0 00:00 N 29 19.1 20.1 00:00 18.1 08:46 0.0 0.8 0.0 0.0 0.0 00:00 N ---------------------------------------------------------------------------------- 19.0 21.1 10 17.7 19 0.7 19.7 0.0 0.0 10.0 9 E Max >= 27.0 0 Max <= 0.0 0 Min <= 0.0 0 Min <= -18.0 0 Max Rain: 0.0 on day 0 Days of Rain: 0 (>= 0.2 mm) 0 (>= 2.0 mm) 0 (>= 20.0 mm) Heat Base: 18.3 Cool Base: 18.3 Method: Integration